-102*t = -q*t - 492. What is the units digit of t?
6
Suppose -3*a + 14 = -m, -4*a - 6 + 43 = -5*m. Let x(u) = u**3 - 3*u**2 + u - 1. Let t be x(a). What is the tens digit of (13 + -12)/(t/506)?
5
Suppose 8*z - 14*z = -78. Suppose 24*r - z*r = 7623. What is the units digit of r?
3
Suppose 7*s - 4 - 24 = 0. Suppose 0 = r - 3*a - 478, -2388 = -s*r + a - 465. What is the tens digit of r?
8
Let r(g) = g + 8. Let i be r(-6). Suppose 11*z - 27 = i*z. Suppose 3*q = -z*q + 1212. What is the units digit of q?
2
Let v be (-15)/(-25) + (-17588)/(-20). Suppose 0*k - v = -2*k - 3*x, 0 = 4*x - 8. What is the tens digit of k?
3
Let c = -199 - -221. What is the tens digit of ((-129072)/c)/(-6) - 6/(-33)?
7
Suppose c - 698*i + 693*i - 8672 = 0, -2*c = 5*i - 17284. What is the tens digit of c?
5
Let q(u) = -2*u**3 - 18*u**2 - 11*u - 4. Let a be q(-12). Suppose 0 = 9*b - b + a. Let m = 270 + b. What is the hundreds digit of m?
1
Let g(k) = -k**2 + 9*k + 620. What is the tens digit of g(-17)?
7
Let j = -31566 + 73682. What is the tens digit of j?
1
Let g(c) = 8*c + 2*c + 4*c - 19*c + 40. What is the hundreds digit of g(-26)?
1
Suppose -3521259 = -114*c + 253851. What is the hundreds digit of c?
1
Let j(n) = -4*n**2 + 4*n + 10. Let l be j(-2). Let t be (-40)/(-22) - l/77. Suppose -t*x - 317 = -3*i, -527 = -5*i + x + x. What is the hundreds digit of i?
1
Let c(s) = -s**3 - 32*s**2 - 34*s - 85. Let i be c(-31). Suppose 0*u - 2*u - i = 0, 2*f + 4*u - 676 = 0. What is the tens digit of f?
4
Suppose -3*d - 3*a + 61 = -2*a, -a - 91 = -5*d. Suppose -1615 = -d*c + 3287. What is the tens digit of c?
5
Let q = 49329 + -20111. What is the ten thousands digit of q?
2
Suppose 33*l + 468790 = 68*l. What is the ten thousands digit of l?
1
Let s = 7834 + -5264. Let c be 3/(-5) - (-558)/30. What is the hundreds digit of (-10)/(-45) + s/c?
1
Suppose -4*y + 90964 = 5*d, -228*d - 90932 = -4*y - 229*d. What is the ten thousands digit of y?
2
Let k = -29 + 33. Suppose i - f - 152 - 61 = 0, k*f = 5*i - 1069. Suppose -5*g + i = -2*w, -80 = -2*g - 3*w + 22. What is the units digit of g?
5
Let d = -78168 - -119472. What is the tens digit of d?
0
Let u be 4/(-18) + (-11)/(-9). What is the hundreds digit of (u - 0)/((-19)/(-12141))?
6
Let j = -122 + 121. What is the units digit of (((-820)/(-8))/j*-2)/1?
5
Let d(v) = 600*v + 1838. What is the units digit of d(23)?
8
Let n be 30/4*(-256)/(-6). Suppose 2*z + 5*k - 88 = 547, -2*k + n = z. Suppose 0*l - 3*q = -2*l + z, 4 = 2*q. What is the tens digit of l?
6
Suppose -4*v - 33*v + 15*v + 103114 = 0. What is the thousands digit of v?
4
What is the thousands digit of (1452650/4)/17 + 90/20?
1
Let a(u) = 10*u - 22*u + 32 + 27*u + 10*u. What is the units digit of a(17)?
7
What is the units digit of (-21156)/645*260/(-1)?
8
Let b(n) = -n**3 - 44*n**2 + 36*n + 44. Let t be b(-45). Let u = t + -104. What is the units digit of u?
5
Suppose 7*k - 5*t = 9*k - 25, -3*t + 34 = 5*k. Suppose 5*p - 20 = 0, k*p = 5*q + 65 - 220. What is the units digit of q?
5
Suppose -4*m = -8*m - 64. Let r be (-117)/12 - 12/m. What is the tens digit of (-1 - 10/6)*r?
2
Let s(m) = m**3 + 12*m**2 - 4*m + 3914. What is the units digit of s(0)?
4
Suppose 0 = 8*s - 5*s - 87. Let o = 33 - s. Suppose -o*l = -140 - 124. What is the units digit of l?
6
Let y(i) be the second derivative of -i**5/10 - 7*i**4/12 - 4*i**3/3 - 3*i**2 + 26*i. What is the tens digit of y(-4)?
4
Suppose -931 = -18*v + 11*v. Suppose 2*t = -d - v + 606, 3*t = -9. What is the hundreds digit of d?
4
Suppose -55*x - 65 = -68*x. Suppose -3*m - 9 = 0, x*r - 7*r + 1491 = 3*m. What is the units digit of r?
0
Let h be (352/(-56))/(6/(-21)). Let j = 267 + h. What is the units digit of j?
9
Let b be (-6)/27 + (-64)/36. Suppose l + l + 34 = -5*s, 0 = -s + 4. Let d = b - l. What is the tens digit of d?
2
Let c(w) = 614*w + 121. Let f be c(-23). What is the units digit of (-8)/(-28) - (-1)/((-21)/f)?
7
Suppose 8*i - u - 89429 = 0, -2*i - 55900 = -7*i + 2*u. What is the ten thousands digit of i?
1
Let v be -2 + -2 + 2 - (-180 + -10). Suppose -v = -x + 9. Suppose -5 = 3*p - x. What is the tens digit of p?
6
Suppose 5*u = 2*z + 3*z - 25, u - 3 = 0. Suppose 4*y + 15 = 5*m, 4*y + 87*m - 3 = 86*m. Suppose -z*s + s + 231 = y. What is the tens digit of s?
3
Let u = -324 + 327. Suppose -361 = -2*o - 5*p, 0 = -u*o - p - 76 + 624. What is the tens digit of o?
8
Suppose -4*c + 32847 + 3451 = -3*s, -3*c + 5*s = -27218. What is the hundreds digit of c?
0
Let q(h) = 15*h + 2870. What is the units digit of q(24)?
0
Suppose -n + 3*i = -15, -15 = 5*i - 2*i. Suppose -9 = 3*j, 288 = -n*h - h - 4*j. Let d = h - -463. What is the units digit of d?
7
Let n(f) = -f**2 - 16*f - 19. Let q be n(-12). Suppose -p = 4*p + 2*a - 19, 0 = 5*p - 5*a - 40. Suppose 41 = p*o - q. What is the tens digit of o?
1
Let d = -35 - -38. Suppose -k - 12 = 2*k, -2*g + d*k = -50. Let p = 76 - g. What is the tens digit of p?
5
Let s be (-14)/3*864/168. Let k be (4/(-2))/(10/15). What is the tens digit of 1 - (s - k) - (-1 + -1)?
2
Suppose 12838 = 131*u - 124*u. What is the hundreds digit of u?
8
Suppose 2356*c - 2367*c + 518573 = 0. What is the units digit of c?
3
Let a = 31360 + -14071. What is the tens digit of a?
8
Suppose 2836 = 7*k + 568. Suppose 0 = -2*g + a - 378, 2*g + 150 = 3*a - 224. Let h = g + k. What is the hundreds digit of h?
1
Suppose r - 10 = -8. What is the hundreds digit of ((-16)/r)/(-2) - (53 - 363)?
3
Let n = 392 + -389. Suppose -5*b - 7085 = -5*g, -n*b + 387 = 3*g - 3840. What is the tens digit of g?
1
Suppose -24*b - 22245 + 180861 = 0. What is the hundreds digit of b?
6
Let t(x) be the first derivative of -7*x - 11/2*x**2 + 1. What is the units digit of t(-4)?
7
Let i(p) = 2*p + 24. Let y(c) = 2*c**2 + c - 2. Let o be y(4). Suppose x + 5*m - o = 0, 2*x - 38 = -m - 3*m. What is the units digit of i(x)?
2
Let x(q) = 193*q**3 - q + 1. Suppose 0 = 2*l - 2*v + 2, -4*v = -l - 7. What is the hundreds digit of x(l)?
1
What is the ten thousands digit of 1/(-6) + 747/(-216)*-14492?
5
Suppose -15*n - 1187 = -10997. Suppose -4054 = -10*s - n. What is the hundreds digit of s?
3
Suppose 0 = 7*m - 2*m + 60. Let s = 28 - m. Let g = 69 - s. What is the tens digit of g?
2
Suppose -20 = -2*n + 7*n. Let w = n - 16. Let j = w + 34. What is the tens digit of j?
1
Let b = 7436 - 4157. What is the thousands digit of b?
3
Let b = -8303 + 9502. What is the units digit of b?
9
Suppose 9*o - 44 + 17 = 0. What is the hundreds digit of o + 0 + 117 + 6 + -2?
1
Suppose 5*j - 13802 = -2582. Suppose -320 = 5*o + 4*g - j, -4*g - 404 = -o. What is the units digit of o?
8
What is the thousands digit of (-60)/30*(-1 - 1258)?
2
Let i be (-3)/6 + (-1502)/(-4). Let f be i - (3/(-3) - -5). Suppose z = -4*v + 299, -2*z - f = -5*v - 6*z. What is the tens digit of v?
7
Let j = 8319 + -3373. What is the hundreds digit of j?
9
Suppose 7*x = 4*x + 168. Suppose -47 + x = 3*t. Suppose 5*f + t*w - 727 = 0, 7*w = 2*w - 5. What is the tens digit of f?
4
Suppose 65*o - 639354 - 1684927 = -728401. What is the hundreds digit of o?
5
Let w be 240/18*9/12. Let p be 9*w/(-15)*1. What is the units digit of p/3*(1 - 111/2)?
9
Let v be ((-34)/(-4))/((-47)/(-94)). What is the hundreds digit of 1951 + v/((-85)/30)?
9
Let b(k) = -66*k**3 + k**2 + 3*k - 5. Let c be b(2). Let j = c + 546. What is the units digit of j?
3
Let q(i) be the third derivative of -2*i**6/15 - i**5/15 - i**4/8 + i**3/3 - 5*i**2. Let n be q(-2). Suppose 4*f + 2*f = n. What is the units digit of f?
0
Suppose 50*i - 46*i - 3*m - 17882 = 0, 2*i + 3*m - 8968 = 0. What is the thousands digit of i?
4
Suppose 4*v = 15*v - 396. Let j = v - -437. What is the tens digit of j?
7
Suppose 23*n + 5716 + 18595 = 0. Let v = 1504 + n. What is the tens digit of v?
4
Let x = -59 + 63. Let l(d) = d**3 - 3*d**2 - 4*d + 2. Let m be l(x). Suppose -m*n - 2*a = -228, 317 = 3*n + a - 3*a. What is the hundreds digit of n?
1
Suppose -x - 5*s = -10875, -29 + 35 = -2*s. What is the thousands digit of x?
0
Let b(x) = -2*x**3 - 6*x**2 + 7*x + 14. Suppose -i - 7 = -0. What is the units digit of b(i)?
7
Let j = 9 + -23. Let n = j + 17. What is the tens digit of (4/n)/(-5*2/(-210))?
2
Suppose 0 = 3*c + 17*c - 94320. Suppose -8*z + 2*z = -c. What is the units digit of z?
